 114 a factor of 4371296?
False
Is 1713 a factor of 241533?
True
Is 36880 a multiple of 20?
True
Is 3 a factor of 57936?
True
Is 13 a factor of 13690?
False
Is 20 a factor of 2096527?
False
Is 85932 a multiple of 44?
True
Is 2087685 a multiple of 15?
True
Is 54 a factor of 2548692?
True
Is 25 a factor of 1771704?
False
Does 5 divide 14316?
False
Is 88 a factor of 14631?
False
Is 510528 a multiple of 36?
False
Is 162 a factor of 7906248?
True
Is 172 a factor of 67424?
True
Is 84 a factor of 2315712?
True
Is 2037742 a multiple of 7?
True
Does 42 divide 1829685?
False
Is 106 a factor of 70172?
True
Is 3 a factor of 8685?
True
Is 5 a factor of 147435?
True
Is 201 a factor of 99909?
False
Is 115648 a multiple of 556?
True
Is 382 a factor of 2001928?
False
Does 637 divide 964299?
False
Does 127 divide 15219575?
False
Is 3 a factor of 1133686?
False
Is 455 a factor of 6172115?
False
Is 11 a factor of 15205006?
False
Is 124 a factor of 3724975?
False
Is 1116 a multiple of 6?
True
Is 26889900 a multiple of 15?
True
Does 39 divide 109034?
False
Is 331 a factor of 493190?
True
Is 115 a factor of 1794575?
True
Is 47 a factor of 105308?
False
Is 435 a factor of 13402350?
True
Is 32 a factor of 859593?
False
Does 17 divide 164798?
True
Is 11 a factor of 952082?
False
Is 14 a factor of 22622006?
False
Is 262 a factor of 932831?
False
Is 19 a factor of 29057?
False
Is 9485 a multiple of 38?
False
Does 358 divide 1536996?
False
Does 128 divide 6651392?
True
Is 27 a factor of 2350899?
False
Does 496 divide 473680?
True
Is 23697 a multiple of 531?
False
Does 363 divide 953485?
False
Does 72 divide 91008?
True
Is 46437 a multiple of 69?
True
Does 57 divide 4113286?
False
Is 1061618 a multiple of 6?
False
Does 65 divide 4583150?
True
Is 1589 a factor of 12851832?
True
Is 94 a factor of 498200?
True
Is 1524068 a multiple of 1106?
True
Is 127 a factor of 448611?
False
Does 15 divide 119065?
False
Does 32 divide 70692?
False
Is 37387154 a multiple of 14?
True
Does 28 divide 499632?
True
Does 27 divide 489192?
False
Does 668 divide 164380?
False
Is 51796 a multiple of 9?
False
Is 486 a factor of 268272?
True
Is 262 a factor of 959182?
True
Is 35 a factor of 116881?
False
Is 156 a factor of 395784?
False
Is 985 a factor of 8397125?
True
Is 174 a factor of 316158?
True
Does 29 divide 92513?
False
Is 111 a factor of 61050?
True
Does 133 divide 645848?
True
Is 2507075 a multiple of 182?
False
Is 17 a factor of 389778?
False
Is 12 a factor of 222732?
True
Does 315 divide 3487432?
False
Is 36 a factor of 263992?
False
Is 675024 a multiple of 48?
True
Is 3328075 a multiple of 5?
True
Is 2134720 a multiple of 72?
False
Is 1054060 a multiple of 314?
False
Does 497 divide 388654?
True
Is 17 a factor of 444890?
True
Does 71 divide 1327771?
True
Is 14 a factor of 121776?
False
Does 83 divide 21834?
False
Is 22 a factor of 18637?
False
Is 17 a factor of 1515856?
True
Is 2278656 a multiple of 12?
True
Does 720 divide 386453?
False
Is 47559 a multiple of 146?
False
Does 34 divide 1048152?
True
Is 36 a factor of 146988?
True
Is 732207 a multiple of 49?
True
Is 4705488 a multiple of 63?
False
Does 72 divide 14943456?
True
Does 169 divide 430568?
False
Is 547215 a multiple of 191?
True
Is 911925 a multiple of 9?
True
Is 209836 a multiple of 251?
True
Is 373625 a multiple of 125?
True
Is 4644900 a multiple of 650?
True
Does 337 divide 136188?
False
Is 80 a factor of 424720?
True
Does 8 divide 1172928?
True
Does 41 divide 96801?
True
Is 582868 a multiple of 286?
True
Is 683005 a multiple of 416?
False
Does 85 divide 995945?
True
Is 16 a factor of 1330085?
False
Is 44 a factor of 645068?
False
Is 9456 a multiple of 4?
True
Is 9 a factor of 38637?
True
Does 22 divide 65802?
True
Is 70 a factor of 463680?
True
Does 30 divide 15184470?
True
Is 27 a factor of 425466?
True
Does 66 divide 415272?
True
Is 4 a factor of 25636?
True
Is 554 a factor of 1017698?
True
Does 6 divide 3568554?
True
Does 6 divide 2516479?
False
Is 35 a factor of 276867?
False
Does 67 divide 1131898?
True
Does 67 divide 828120?
True
Does 11 divide 5307906?
False
Is 21286 a multiple of 6?
False
Is 87991 a multiple of 37?
False
Is 1286293 even?
False
Does 17 divide 13380?
False
Is 3745973 a multiple of 43?
False
Is 22648750 a multiple of 25?
True
Is 1238722 a multiple of 50?
False
Does 13 divide 1348173?
False
Is 1437481 a multiple of 64?
False
Is 238392 a multiple of 21?
True
Is 333 a factor of 61938?
True
Does 107 divide 303131?
True
Is 289 a factor of 6015213?
False
Does 36 divide 320724?
True
Does 12 divide 798960?
True
Does 5 divide 108815?
True
Does 504 divide 6829041?
False
Is 669528 a multiple of 51?
True
Is 23 a factor of 1283423?
True
Is 37329 a multiple of 69?
True
Is 165068 a multiple of 61?
False
Is 186 a factor of 55874?
False
Is 36 a factor of 177063?
False
Is 69 a factor of 1633759?
False
Does 32 divide 1108768?
True
Is 63 a factor of 6867657?
False
Does 141 divide 446186?
False
Does 516 divide 10384745?
False
Is 7174509 a multiple of 1749?
False
Is 146 a factor of 6563284?
True
Is 28060 a multiple of 5?
True
Does 329 divide 167812?
False
Does 2 divide 832654?
True
Is 110 a factor of 870210?
True
Is 152 a factor of 9016488?
True
Does 1269 divide 7462312?
False
Does 30 divide 392040?
True
Is 34664 a multiple of 3?
False
Is 2985315 a multiple of 347?
False
Is 84487 a multiple of 13?
True
Is 17 a factor of 1278264?
True
Is 5 a factor of 1410?
True
Is 54324 a multiple of 54?
True
Does 72 divide 5379822?
False
Does 3 divide 49737?
True
Is 432 a factor of 1559952?
True
Is 40679 even?
False
Is 2266 a factor of 7378096?
True
Is 247476 a multiple of 123?
True
Is 1511792 a multiple of 152?
True
Is 296206 a multiple of 11?
False
Is 149896 a multiple of 53?
False
Is 468430 a multiple of 6?
False
Does 19 divide 459990?
True
Is 243965 a multiple of 156?
False
Is 19236044 a multiple of 75?
False
Is 1585716 a multiple of 132?
True
Is 872880 a multiple of 498?
False
Is 59 a factor of 1180199?
False
Is 32 a factor of 201917?
False
Is 46 a factor of 77970?
True
Is 820909 a multiple of 141?
False
Is 45 a factor of 408182?
False
Does 22 divide 563486?
True
Does 930 divide 9749417?
False
Does 2 divide 18144?
True
Is 481 a factor of 23525?
False
Is 35 a factor of 139930?
True
Does 60 divide 2367867?
False
Is 760400 a multiple of 237?
False
Does 19 divide 27202471?
True
Does 49 divide 870191?
True
Is 2 a factor of 2336156?
True
Is 1193976 a multiple of 126?
True
Does 71 divide 771273?
True
Is 2787150 a multiple of 5?
True
Is 3992 a multiple of 4?
True
Does 1230 divide 806880?
True
Is 1354 a multiple of 22?
False
Does 48 divide 172416?
True
Does 36 divide 1311696?
True
Is 622 a factor of 10908636?
True
Is 219 a factor of 397357?
False
Is 10 a factor of 69360?
True
Is 392030 a multiple of 394?
True
Does 87 divide 1365949?
False
Is 100688 a multiple of 464?
True
Is 7 a factor of 82978?
True
Is 25 a factor of 5414822?
False
Does 1041 divide 2352173?
False
Is 62416 a multiple of 7?
False
Does 3 divide 344807?
False
Does 74 divide 319667?
False
Is 391 a factor of 661631?
False
Is 517011 a multiple of 390?
False
Is 43 a factor of 314163?
False
Does 47 divide 10025006?
True
Is 502 a factor of 2331790?
True
Does 46 divide 9032922?
False
Is 27660 a multiple of 15?
True
Does 3 divide 2462643?
True
Is 53535 a multiple of 415?
True
Is 2219498 a multiple of 346?
False
Is 94 a factor of 9024?
True
Does 24 divide 1166520?
True
Is 1546636 a multiple of 607?
True
Is 436721 a multiple of 371?
False
Does 13 divide 5962712?
False
Is 8840704 a multiple of 2022?
False
Is 19 a factor of 299896?
True
Does 37 divide 534631?
False
Is 2056 a factor of 12537488?
True
Is 344776 a multiple of 59?
False
Is 22349187 a multiple of 1809?
False
Is 12 a factor of 2714004?
True
Is 740502 a multiple of 269?
False
Is 57722 a multiple of 14?
True
Is 42 a factor of 812994?
True
Does 79 divide 35205?
False
Does 449 divide 725584?
True
Is 807530 a multiple of 598?
False
Is 293 a factor of 401996?
True
Is 19753114 a multiple of 42?
False
Does 698 divide 7518850?
False
Is 8 a factor of 114976?
True
Is 456642 a multiple of 23?
True
Is 136 a factor of 10330973?
False
Is 5295344 a multiple of 42?
False
Is 50 a factor of 64760?
False
Is 20985216 a multiple of 141?
False
Does 